t o be (0 - 2) + (-5)/(-1). Let d = o + -3. Suppose -8 = -2*r, i + r + 3*r - 20 = d. What is the units digit of i?
4
Suppose 300 = y + 5*u, -229 = -5*y - 3*u + 1337. What is the units digit of y?
5
Let h(a) = -4 + 19 - a - 5. Let b(s) = -s + 7. Let f be b(0). What is the units digit of h(f)?
3
Suppose -8 = -2*s - 82. Let t = 58 + s. Suppose -6*n + t = -3*n. What is the units digit of n?
7
What is the tens digit of (-1044)/(-24)*8/6?
5
Let f = 240 + -168. What is the units digit of f?
2
Let s(g) = -g**3 - 9*g**2 + 9*g - 11. Let q be s(-10). Let d(m) = -21*m + 3. Let b(i) = -31*i + 4. Let p(t) = 5*b(t) - 7*d(t). What is the units digit of p(q)?
7
Let g(w) = w**3 + 9*w**2 - 3*w + 3. What is the units digit of g(-9)?
0
Suppose 0 = -8*c + 2*c + 234. What is the units digit of c?
9
Let n(z) = -z - 2. Suppose -5*a = 6 + 24. Let x be n(a). Suppose x*g = m + 9, -8*g + 15 = -4*g + m. What is the units digit of g?
3
Suppose 5*c + 15 = 0, 4*r + 4*c = c + 7. Suppose -r*k = -7*k + 3. Suppose k = -n, -2*n = 5*t + 2*n - 31. What is the units digit of t?
7
Let l(g) = g**2 + 3*g + 1. Let u be l(-2). Let k be 2 + 0 - (u + 2). Suppose 0*q - k = -q. What is the units digit of q?
1
Suppose 0 = 3*r - 4*c - 36, -c = 4*c. Let d be (6/4)/(9/r). Suppose -3*b - 49 = -4*l, -5*l + 93 = d*b + 3. What is the units digit of l?
6
Let f = -190 - -421. What is the hundreds digit of f?
2
Suppose 0 = 2*a, -2*o + 3*o + a - 4 = 0. Let b(w) = -4 + o + 0*w - 4*w. What is the tens digit of b(-4)?
1
Let v be (0 + -107)/(-4 + 3). Suppose 4*r - v = 37. What is the tens digit of r?
3
Let z = 1235 - 856. What is the units digit of z?
9
Let b(c) = c + 7. Let l = -12 - -7. Let q be b(l). Let x(p) = p**3 - p**2 + p + 1. What is the units digit of x(q)?
7
Suppose u - 15 = 4*b, 3*b + 6 = b. Suppose -4*x = u*k - 15, -x = 5*k - 3*x + 1. Suppose -4*y + 28 = 4*h, 0 = -2*y + 3*y + 3*h - k. What is the units digit of y?
0
Let k = -83 - -116. What is the units digit of k?
3
Let h be 1*(-32)/(-4) + 4. Suppose -4*b + b = -h. What is the units digit of b?
4
Let m(r) = r**2 - 6*r - 9. What is the units digit of m(12)?
3
Let o(w) = -133*w + 2 + 135*w - 3*w**2 + 4*w**2 - 6. What is the tens digit of o(3)?
1
Suppose -2*t - 46 = -174. What is the units digit of t?
4
Let u(d) = 4*d + 4. Let a be u(4). Suppose f = -3*f + a. What is the units digit of f?
5
Let r(g) = g. Let a be r(4). Suppose 0 = -a*z + 2*z + 4. What is the units digit of z?
2
Let u = 112 + -77. What is the units digit of (-10)/u - 212/(-7)?
0
Let p(v) be the second derivative of v**3/3 + 5*v**2/2 - 3*v. What is the units digit of p(4)?
3
Let h(w) = -w**2 + 19*w + 8. What is the tens digit of h(17)?
4
What is the tens digit of 109 - 3/(-4 + 1)?
1
Suppose -2*p = 3*i + 3*p - 13, 2*p = 4*i. Let g(n) = 81*n**3 - 2*n**2 + n. Let o be g(i). Suppose -o = -3*s - 2*s. What is the units digit of s?
6
Let p(z) = z. Let y be p(4). Suppose -y*o + 13 = -31. What is the tens digit of o?
1
Suppose -2*n + 1 + 1 = 0. Suppose 2*m = -u + n, -4*m + 2*m - 5 = 3*u. Let o(p) = 2*p**3 - 2*p**2 - p - 1. What is the units digit of o(m)?
5
Let h(m) = 5 - m**2 - m**2 + m**2 - 8*m. Suppose -3*x - 1 = 20. What is the tens digit of h(x)?
1
Let m(q) = -37*q. Let v be m(1). Let c = v + 63. What is the tens digit of c?
2
Suppose 2*j - 15 = -l + 192, 0 = -2*j + 10. What is the tens digit of l?
9
Let f = -1 - 3. Let w = 4 + f. Suppose -y + 4 + 0 = w. What is the units digit of y?
4
Suppose -3*o = -3*p + 87, 5*p - 4*p - 25 = -o. What is the tens digit of p?
2
Suppose -8 = -4*n, -5*n + 306 = 4*y - 0*n. What is the units digit of y?
4
Suppose 0 = g - 3*g. Suppose 2*b + 0*b - 10 = g. Suppose 1 - b = -4*t. What is the units digit of t?
1
Suppose -3*q - 4*h + 162 = -h, -q + 52 = -h. Suppose 0 = 3*m - q - 73. What is the units digit of m?
2
Let t(m) = -m**2 - 4*m + 5. Let k be t(-5). Suppose -4*o + 64 - 12 = k. What is the tens digit of o?
1
Let c(a) = a - 8. Let t be c(11). Let u(r) = r**3 - r**2 - r + 2. What is the tens digit of u(t)?
1
Let n(z) = -z + 15. Let s(c) = c - 16. Let b(x) = 6*n(x) + 5*s(x). Suppose -2 = -5*w - i - 6, w + 5*i = -20. What is the units digit of b(w)?
0
Suppose 2*j - 3 = 1. Let y = j + -4. Let i = 8 - y. What is the units digit of i?
0
Let k = 9 - -65. What is the tens digit of k?
7
Let p = 7 - 7. What is the units digit of 0 - (p + -2 + 0)?
2
Let n be 145/7 - 6/(-21). Let w = 12 - n. Let h = 17 + w. What is the units digit of h?
8
Let c(s) = -s**3 - 8*s**2 - 5*s + 11. What is the units digit of c(-8)?
1
Let o be -10*(-2)/4 + -2. Suppose 3*n + 0*n = -w - o, 75 = 5*w - 3*n. What is the tens digit of w?
1
Let x(h) = -2*h**3 - 2*h**2 + h - 3. Let n be (9/(-3))/3 - 2. What is the tens digit of x(n)?
3
Let m(n) = -n**3 + 5*n**2 - 2*n + 3. Let f be m(3). Suppose 0 = -3*g - 2*g + f. What is the units digit of g?
3
Suppose 4*h - 21 = -1. Let n = 28 - 13. Suppose z - 3*b = -h, 4*z - n = 5*b - 0*b. What is the tens digit of z?
1
Suppose -10 + 2 = -4*w. Let i(x) = x + 6. Let b be i(-4). Suppose 4*g - 23 = 3*f, 12 = -w*f + b. What is the units digit of g?
2
Let l = -166 - -289. What is the units digit of l?
3
Let j(v) = v**3 + 9*v**2 - 5*v + 10. What is the units digit of j(-9)?
5
Let i(t) = -t**2 - 7*t - 5. Let h be i(-5). Let s(z) be the third derivative of z**4/24 + 7*z**3/6 + z**2. What is the units digit of s(h)?
2
Let y be 1*-2 - -1*25. Suppose -3*g - 3*z - 31 = y, 2*g - 2*z + 24 = 0. Let t = g + 25. What is the tens digit of t?
1
Let v(y) = -y**3 - 8*y**2 - 13. What is the units digit of v(-9)?
8
What is the units digit of 51 + (-2)/((-2)/(-3))?
8
Let y = 100 - 33. What is the tens digit of y?
6
Suppose -i + 16 - 4 = 0. Suppose 0 = -2*r + 4 + 10. Suppose 3*c = r*c - i. What is the units digit of c?
3
Let f(d) = d**3 - 2*d**2 - 2*d + 1. Let w(g) = -g**3 + 6*g**2 - g + 4. Let b be w(6). Let n = 1 - b. What is the units digit of f(n)?
4
Let h be 2/(-7) + (-27)/(-21). Let k(j) = -2*j**3 - 1. Let u be k(-1). What is the units digit of u - ((-5 - 2) + h)?
7
Suppose -2*t - 5*c + 20 = -t, -t = c - 4. Let l = t + -2. What is the units digit of 4 + 8 - (l + 1)?
3
Let s(f) = -f**3 - 2*f**2 - 3*f - 4. Let k be 28/16 - (-2)/8. Suppose h + 1 = -k. What is the tens digit of s(h)?
1
Let s = 7 + -2. Suppose 0 = -o - s + 10. Let t = 0 + o. What is the units digit of t?
5
Let x = -125 - -186. What is the tens digit of x?
6
Let r be -1 + -1 - 1*15. Let x(k) = -23*k + 39. Let n(a) = 8*a - 13. Let z(i) = r*n(i) - 6*x(i). What is the units digit of z(9)?
5
Let q(i) = -57*i + 23. What is the tens digit of q(-7)?
2
Suppose x - a + 0 = 7, 0 = 5*x + 2*a. Suppose -5 = h, x*h + 12 = 3*r - 4. Suppose 3*v - 12 = -5*u + r*v, 5*v + 18 = u. What is the units digit of u?
3
Let t be (-424)/(-6) - (-5)/15. Suppose 0 = 4*a - 3*g - 65, 4*a - 2*g = 3*g + t. What is the units digit of a?
4
Let d(b) = -b**2 - b + 4. Let r(c) = -c**2 - c + 5. Let f(n) = -7*d(n) + 6*r(n). What is the units digit of f(-5)?
2
Let j(w) = -w**3 + w**2 - 9*w + 4. What is the units digit of j(-3)?
7
Let g(c) be the third derivative of c**5/60 + c**4/12 - 2*c**3/3 - c**2. What is the tens digit of g(4)?
2
Let y(g) = -g - 5. Suppose -z + m + 9 = 0, 4*z + 0*m = -4*m - 4. Let f be y(z). Let x = f + 21. What is the units digit of x?
2
Let l be (-5)/(-2)*2 + 0. Let q(j) = 3 + l*j**3 - 3. What is the units digit of q(1)?
5
What is the units digit of 10*(2 + 3/6)?
5
Let b = 646 - 248. What is the hundreds digit of b?
3
Let u be (-7 - -6)*(0 - 5). Let r(c) = u - 2*c + 0 - 2. What is the tens digit of r(-4)?
1
Suppose 4*t - 195 = -t. Suppose -t = -4*s - 3. What is the units digit of s?
9
Suppose 5*g = -3*u + 206, -3*u + 3*g + 116 = -58. Suppose 4 = 2*y, -2*h - 4*y = -16 - u. Let c = h - 24. What is the tens digit of c?
1
Suppose -2*r = 34 - 116. What is the units digit of r?
1
Suppose -3*h - 8 = -29. Suppose o - h = -s, -s + 23 = 5*o + s. Let v(g) = g**3 - g**2 + g. What is the units digit of v(o)?
1
Suppose 5*q = -4*m + 7, -4*q - 12 = 2*m - m. Let w = -7 + m. What is the tens digit of 1 - w - -5*2?
1
Let t(p) = -p**3 - p**2 + 4*p + 2. Let b be (1 - -3)/(2/(-6)). Let x be 2/(-8) + 33/b. What is the units digit of t(x)?
8
Suppose 5*r + 3*i - 2*i - 16 = 0, -3*r + 12 = 3*i. Suppose r*d - 116 = 2*q, -q = -3*d + 43 + 72. What is the units dig